{"id":1043,"date":"2024-09-19T08:58:00","date_gmt":"2024-09-19T08:58:00","guid":{"rendered":"https:\/\/stoo.ufzg.hr\/?page_id=1043"},"modified":"2024-09-19T12:17:20","modified_gmt":"2024-09-19T12:17:20","slug":"1043-2","status":"publish","type":"page","link":"https:\/\/stoo.ufzg.hr\/?page_id=1043","title":{"rendered":"AZOO"},"content":{"rendered":"<p>[et_pb_section fb_built=&#8221;1&#8243; next_background_color=&#8221;#ffffff&#8221; _builder_version=&#8221;4.16&#8243; use_background_color_gradient=&#8221;on&#8221; background_color_gradient_direction=&#8221;100deg&#8221; background_color_gradient_stops=&#8221;rgba(12,113,195,0.8) 0%|rgba(131,0,233,0.8) 100%&#8221; background_color_gradient_overlays_image=&#8221;on&#8221; background_color_gradient_start=&#8221;rgba(12,113,195,0.8)&#8221; background_color_gradient_end=&#8221;rgba(131,0,233,0.8)&#8221; background_image=&#8221;https:\/\/conference.gregorythemes.com\/wp-content\/uploads\/2020\/07\/gt-conference-background-1.jpg&#8221; custom_padding=&#8221;||70px|||&#8221; bottom_divider_style=&#8221;mountains2&#8243; global_colors_info=&#8221;{}&#8221;][et_pb_row _builder_version=&#8221;4.16&#8243; global_colors_info=&#8221;{}&#8221;][et_pb_column type=&#8221;4_4&#8243; _builder_version=&#8221;4.16&#8243; global_colors_info=&#8221;{}&#8221;][et_pb_text _builder_version=&#8221;4.23.1&#8243; background_layout=&#8221;dark&#8221; global_colors_info=&#8221;{}&#8221;]<\/p>\n<h2><strong>Teaching (Today for) Tomorrow: <\/strong><\/h2>\n<h2><strong>Bridging the Gap between the Classroom and Reality<\/strong><\/h2>\n<p>[\/et_pb_text][et_pb_text _builder_version=&#8221;4.23.1&#8243; background_layout=&#8221;dark&#8221; locked=&#8221;off&#8221; global_colors_info=&#8221;{}&#8221;]<\/p>\n<p><span style=\"font-weight: 400;\">3r<\/span><span style=\"font-weight: 400;\">d<\/span><span style=\"font-weight: 400;\"> International Scientific and Art Conference <\/span><br \/><span style=\"font-weight: 400;\"><span>Faculty of Teacher Education, University of Zagreb <\/span>in cooperation with the Croatian Academy of Sciences and Arts<\/span><\/p>\n<p>[\/et_pb_text][et_pb_divider divider_weight=&#8221;2px&#8221; _builder_version=&#8221;4.16&#8243; width=&#8221;20%&#8221; width_tablet=&#8221;30%&#8221; width_phone=&#8221;50%&#8221; width_last_edited=&#8221;on|phone&#8221; global_colors_info=&#8221;{}&#8221;][\/et_pb_divider][et_pb_text _builder_version=&#8221;4.23.1&#8243; text_font_size=&#8221;24px&#8221; text_line_height=&#8221;1.2em&#8221; text_orientation=&#8221;right&#8221; background_layout=&#8221;dark&#8221; custom_padding=&#8221;|15px|||false|false&#8221; border_width_right=&#8221;2px&#8221; border_color_right=&#8221;#31c488&#8243; global_colors_info=&#8221;{}&#8221;]<\/p>\n<p>26 &#8211; 27 September 2024<br \/>Zagreb | Croatia<\/p>\n<p>[\/et_pb_text][\/et_pb_column][\/et_pb_row][\/et_pb_section][et_pb_section fb_built=&#8221;1&#8243; _builder_version=&#8221;4.23.1&#8243; _module_preset=&#8221;default&#8221; min_height=&#8221;1265.9px&#8221; custom_padding=&#8221;||2px|||&#8221; global_colors_info=&#8221;{}&#8221;][et_pb_row _builder_version=&#8221;4.23.1&#8243; _module_preset=&#8221;default&#8221; global_colors_info=&#8221;{}&#8221;][et_pb_column type=&#8221;4_4&#8243; _builder_version=&#8221;4.23.1&#8243; _module_preset=&#8221;default&#8221; global_colors_info=&#8221;{}&#8221;][et_pb_divider _builder_version=&#8221;4.23.1&#8243; _module_preset=&#8221;default&#8221; global_colors_info=&#8221;{}&#8221;][\/et_pb_divider][et_pb_text _builder_version=&#8221;4.23.1&#8243; _module_preset=&#8221;default&#8221; global_colors_info=&#8221;{}&#8221;]<\/p>\n<h3>Registracija Agencija za odgoj i obrazovanje<\/h3>\n<h3><img loading=\"lazy\" decoding=\"async\" src=\"https:\/\/stoo.ufzg.hr\/wp-content\/uploads\/2024\/09\/zzs-novi-logo-hrv-eng-300x133.jpg\" width=\"300\" height=\"133\" alt=\"\" class=\"wp-image-1041 alignnone size-medium\" style=\"display: block; margin-left: auto; margin-right: auto;\" srcset=\"https:\/\/stoo.ufzg.hr\/wp-content\/uploads\/2024\/09\/zzs-novi-logo-hrv-eng-300x133.jpg 300w, https:\/\/stoo.ufzg.hr\/wp-content\/uploads\/2024\/09\/zzs-novi-logo-hrv-eng.jpg 448w\" sizes=\"(max-width: 300px) 100vw, 300px\" \/><\/h3>\n<p>[\/et_pb_text][et_pb_text _builder_version=&#8221;4.23.1&#8243; _module_preset=&#8221;default&#8221; global_colors_info=&#8221;{}&#8221;]<\/p>\n<div class=\"elementToProof\">Partnerstvo s Agencijom za odgoj i obrazovanje omogu\u0107uje odgojno-obrazovnim radnicima zaposlenima u Republici Hrvatskoj dobivanje dvostruke potvrdnice o sudjelovanju (od strane organizatora i AZOO). Za ostvarivanje navedene mogu\u0107nosti potrebna je pravovremena i paralelna prijava u sustav <i>ettaedu.<\/i><\/div>\n<div class=\"elementToProof\"><i><a href=\"https:\/\/ettaedu.azoo.hr\/\" id=\"LPlnk809846\">https:\/\/ettaedu.azoo.hr\/<\/a><\/i><\/div>\n<p>[\/et_pb_text][et_pb_pricing_tables show_bullet=&#8221;off&#8221; _builder_version=&#8221;4.23.1&#8243; _module_preset=&#8221;default&#8221; body_line_height=&#8221;1em&#8221; hover_enabled=&#8221;0&#8243; locked=&#8221;off&#8221; global_colors_info=&#8221;{}&#8221; sticky_enabled=&#8221;0&#8243;][et_pb_pricing_table title=&#8221;Agencija za odgoj i obrazovanje&#8221; sum=&#8221;50\u20ac&#8221; button_url=&#8221;https:\/\/limesurvey.srce.hr\/627576?lang=hr&#8221; url_new_window=&#8221;on&#8221; button_text=&#8221;PRIJAVI SE&#8221; _builder_version=&#8221;4.23.1&#8243; _module_preset=&#8221;default&#8221; header_level=&#8221;h5&#8243; body_line_height=&#8221;1em&#8221; link_option_url=&#8221;https:\/\/limesurvey.srce.hr\/627576?newtest=Y&#038;lang=hr&#8221; hover_enabled=&#8221;0&#8243; global_colors_info=&#8221;{}&#8221; sticky_transition=&#8221;on&#8221; sticky_enabled=&#8221;0&#8243;]<\/p>\n<p>&nbsp;<\/p>\n<p style=\"text-align: center;\">Kotizacija za sudjelovanje na konferenciji STOO4<\/p>\n<p>&nbsp;<\/p>\n<p><span style=\"color: #333333;\">Prijava za konferenciju STOO4 U\u010diteljskog fakulteta Sveu\u010dili\u0161ta u Zagrebu omogu\u0107ava sudjelovanje kao aktivni slu\u0161a\u010d svih izlaganja. Da biste uspje\u0161no zavr\u0161ili prijavu i osigurali svoje sudjelovanje, slijedite ove korake:<\/span><\/p>\n<p><span style=\"color: #333333;\">1. <strong>Kotizacija<\/strong>: Iznos kotizacije je 50 eura, a mo\u017eete je uplatiti prije ili nakon konferencije.<\/span><\/p>\n<p><span style=\"color: #333333;\">2. <strong>Detalji uplate<\/strong>:<\/span><br \/><span style=\"color: #333333;\">&#8211; <em><strong>Uplatitelj<\/strong><\/em>: Va\u0161e ime i prezime, uz obaveznu oznaku AZOO (Agencija za odgoj i obrazovanje) radi lak\u0161e identifikacije uplate.<\/span><br \/><span style=\"color: #333333;\">&#8211; <em><strong>Korisnik<\/strong><\/em>: U\u010diteljski fakultet Sveu\u010dili\u0161ta u Zagrebu, Savska cesta 77, 10000 Zagreb.<\/span><br \/><span style=\"color: #333333;\">&#8211; <em><strong>Model i poziv na broj<\/strong><\/em>: Ostavite prazno.<\/span><br \/><span style=\"color: #333333;\">&#8211; <strong><em>Ra\u010dun IBAN<\/em><\/strong>: HR9124020061100639639.<\/span><br \/><span style=\"color: #333333;\">&#8211; <em><strong>Opis pla\u0107anja<\/strong><\/em>: &#8220;STOO4 AZOO registracija \u2013 [Va\u0161e ime i prezime]&#8221;.<\/span><\/p>\n<p><span style=\"color: #333333;\">3. <strong>Potvrda o sudjelovanju:<\/strong> Nakon upla\u0107ene kotizacije, dobit \u0107ete elektroni\u010dku potvrdu (PDF) o sudjelovanju na konferenciji, koja \u0107e biti poslana na va\u0161u elektroni\u010dku adresu.<\/span><\/p>\n<p><span style=\"color: #333333;\">4. <strong>Obavijest AZZO-u<\/strong>: Sve potvrde o sudjelovanju bit \u0107e proslije\u0111ene AZZO-u kao dokaz o va\u0161em sudjelovanju na konferenciji.<\/span><\/p>\n<p><span style=\"color: #333333;\">Ako trebate dodatne informacije ili pomo\u0107 oko prijave, slobodno se obratite organizatorima konferencije.<\/span><\/p>\n<p>[\/et_pb_pricing_table][\/et_pb_pricing_tables][\/et_pb_column][\/et_pb_row][\/et_pb_section][et_pb_section fb_built=&#8221;1&#8243; _builder_version=&#8221;4.23.1&#8243; _module_preset=&#8221;default&#8221; global_colors_info=&#8221;{}&#8221;][et_pb_row _builder_version=&#8221;4.23.1&#8243; _module_preset=&#8221;default&#8221; global_colors_info=&#8221;{}&#8221;][et_pb_column type=&#8221;4_4&#8243; _builder_version=&#8221;4.23.1&#8243; _module_preset=&#8221;default&#8221; global_colors_info=&#8221;{}&#8221;][et_pb_divider _builder_version=&#8221;4.23.1&#8243; _module_preset=&#8221;default&#8221; global_colors_info=&#8221;{}&#8221;][\/et_pb_divider][\/et_pb_column][\/et_pb_row][\/et_pb_section]<\/p>\n","protected":false},"excerpt":{"rendered":"<p>Teaching (Today for) Tomorrow: Bridging the Gap between the Classroom and Reality3rd International Scientific and Art Conference Faculty of Teacher Education, University of Zagreb in cooperation with the Croatian Academy of Sciences and Arts26 &#8211; 27 September 2024Zagreb | CroatiaRegistracija Agencija za odgoj i obrazovanje Partnerstvo s Agencijom za odgoj i obrazovanje omogu\u0107uje odgojno-obrazovnim radnicima [&hellip;]<\/p>\n","protected":false},"author":1,"featured_media":0,"parent":0,"menu_order":0,"comment_status":"closed","ping_status":"closed","template":"","meta":{"_et_pb_use_builder":"on","_et_pb_old_content":"","_et_gb_content_width":"","footnotes":""},"_links":{"self":[{"href":"https:\/\/stoo.ufzg.hr\/index.php?rest_route=\/wp\/v2\/pages\/1043"}],"collection":[{"href":"https:\/\/stoo.ufzg.hr\/index.php?rest_route=\/wp\/v2\/pages"}],"about":[{"href":"https:\/\/stoo.ufzg.hr\/index.php?rest_route=\/wp\/v2\/types\/page"}],"author":[{"embeddable":true,"href":"https:\/\/stoo.ufzg.hr\/index.php?rest_route=\/wp\/v2\/users\/1"}],"replies":[{"embeddable":true,"href":"https:\/\/stoo.ufzg.hr\/index.php?rest_route=%2Fwp%2Fv2%2Fcomments&post=1043"}],"version-history":[{"count":10,"href":"https:\/\/stoo.ufzg.hr\/index.php?rest_route=\/wp\/v2\/pages\/1043\/revisions"}],"predecessor-version":[{"id":1060,"href":"https:\/\/stoo.ufzg.hr\/index.php?rest_route=\/wp\/v2\/pages\/1043\/revisions\/1060"}],"wp:attachment":[{"href":"https:\/\/stoo.ufzg.hr\/index.php?rest_route=%2Fwp%2Fv2%2Fmedia&parent=1043"}],"curies":[{"name":"wp","href":"https:\/\/api.w.org\/{rel}","templated":true}]}}